{"id":36,"date":"2016-02-22T11:06:22","date_gmt":"2016-02-22T10:06:22","guid":{"rendered":"http:\/\/www.tpba.debica.net\/?page_id=36"},"modified":"2021-02-08T12:25:58","modified_gmt":"2021-02-08T11:25:58","slug":"dom-dla-bezdomnych-mezczyzn-w-debicy-2","status":"publish","type":"page","link":"http:\/\/www.tpba.debica.net\/index.php\/dom-dla-bezdomnych-mezczyzn-w-debicy-2\/","title":{"rendered":"Schronisko dla bezdomnych m\u0119\u017cczyzn w D\u0119bicy ul. S\u0142oneczna 1"},"content":{"rendered":"<p><img loading=\"lazy\" decoding=\"async\" class=\"\" src=\"https:\/\/geo0.ggpht.com\/cbk?panoid=_6UDLfdYyncK-6Cc3nJfZA&amp;output=thumbnail&amp;cb_client=search.LOCAL_UNIVERSAL.gps&amp;thumb=2&amp;w=227&amp;h=160&amp;yaw=149.94089&amp;pitch=0\" alt=\"Image\" width=\"656\" height=\"463\" \/><\/p>\n","protected":false},"excerpt":{"rendered":"","protected":false},"author":1,"featured_media":0,"parent":0,"menu_order":0,"comment_status":"closed","ping_status":"closed","template":"","meta":{"footnotes":""},"_links":{"self":[{"href":"http:\/\/www.tpba.debica.net\/index.php\/wp-json\/wp\/v2\/pages\/36"}],"collection":[{"href":"http:\/\/www.tpba.debica.net\/index.php\/wp-json\/wp\/v2\/pages"}],"about":[{"href":"http:\/\/www.tpba.debica.net\/index.php\/wp-json\/wp\/v2\/types\/page"}],"author":[{"embeddable":true,"href":"http:\/\/www.tpba.debica.net\/index.php\/wp-json\/wp\/v2\/users\/1"}],"replies":[{"embeddable":true,"href":"http:\/\/www.tpba.debica.net\/index.php\/wp-json\/wp\/v2\/comments?post=36"}],"version-history":[{"count":5,"href":"http:\/\/www.tpba.debica.net\/index.php\/wp-json\/wp\/v2\/pages\/36\/revisions"}],"predecessor-version":[{"id":194,"href":"http:\/\/www.tpba.debica.net\/index.php\/wp-json\/wp\/v2\/pages\/36\/revisions\/194"}],"wp:attachment":[{"href":"http:\/\/www.tpba.debica.net\/index.php\/wp-json\/wp\/v2\/media?parent=36"}],"curies":[{"name":"wp","href":"https:\/\/api.w.org\/{rel}","templated":true}]}}